ime factors of f.
2, 73
Let w be (-2 - (-1 + 5)) + 8. Suppose -4*t + 5456 = w*f, -39*t + 4*f = -35*t - 5444. List the prime factors of t.
29, 47
Let h(x) = x**2 + x + 3. Let b be h(6). Suppose 24 = -7*d + b. Suppose l - 153 - 53 = -2*p, -323 = -d*p - 5*l. What are the prime factors of p?
101
Let x(r) = 873*r**3 + 6*r**2 - 12*r - 11. List the prime factors of x(3).
2, 11789
List the prime factors of 4282*(12 + (-110)/11).
2, 2141
Suppose u - 2*d = 3*d + 62, -3*u + 138 = d. Let t = 16 + u. Suppose -2*f + 7 + t = 0. List the prime factors of f.
5, 7
Let m(i) = -2*i**3 - 71*i**2 + 73*i + 43. Let t be m(-37). Suppose -8*a = 433 - t. What are the prime factors of a?
127
Let z = 17 + -26. Let a = -10 - z. Let r(o) = -16*o + 1. List the prime factors of r(a).
17
Let w(d) be the second derivative of d**4/12 + d**3/6 + 449*d**2/2 - 42*d. Let u be w(0). Let y = u + -182. List the prime factors of y.
3, 89
Let f be 4*(-65)/(-20) - 1. Suppose -f = 3*z - 21. Suppose 12 = -3*c, -4*i + 78 + 150 = z*c. What are the prime factors of i?
2, 3, 5
Let r(h) = 9*h**2 + 25 - h + 22*h**2 - 8 - 13. Let m be r(-12). Suppose 21*n = 5*n + m. What are the prime factors of n?
2, 5, 7
Let y be 8/6*171/38. Let b be ((-9)/12)/(y/(-32)). Suppose -b*k + 120 = 2*h - 90, -h + 3*k = -120. List the prime factors of h.
3, 37
Suppose -53779 = -2*l + 3*t, -26*l + 21*l + 5*t + 134440 = 0. List the prime factors of l.
5, 19, 283
Let o = 1242 - 262. Suppose 5*u + 3*f = o, -9*u + 196 = -8*u - 4*f. What are the prime factors of u?
2, 7
Let o(b) = -10*b - 4. Let a be o(-4). Suppose -75 = -3*s + 3*k, 30 + 35 = 2*s + 3*k. Let n = a - s. List the prime factors of n.
2
Let w(c) = 4*c**2 - 2*c - 2. Let j be w(-5). Let y = 1133 - 1099. Let r = j - y. What are the prime factors of r?
2, 37
Let d(a) = 151*a - 107. Let y be d(7). Let c = 227 + y. What are the prime factors of c?
11, 107
Let a be 5 + 16/(-8) + 15. Suppose -11*m - 4508 = -a*m. List the prime factors of m.
2, 7, 23
Let t(u) = 10*u + 10. Let n(z) = -z**2 + 18*z - 25. Let s be n(16). Let m be t(s). Suppose 8*y - m = 56. What are the prime factors of y?
17
Let v be (-6)/(-2 - -3) - -1. List the prime factors of ((-84)/18 - v)*873.
3, 97
Suppose 2*y + 4*v = 2248, -3*y - 3*v = -1049 - 2320. Let u = y + -749. What are the prime factors of u?
373
Let n = -181 + 181. Suppose n = a - b - 0*b - 197, 1015 = 5*a + b. What are the prime factors of a?
2, 101
Let j(p) = 23*p**2 + 5*p + 3. Let w = 174 + -172. What are the prime factors of j(w)?
3, 5, 7
Suppose 4995*r + 279296 = 5011*r. List the prime factors of r.
2, 1091
Let c(v) = 1383*v + 3625. What are the prime factors of c(10)?
5, 3491
Let j(x) be the first derivative of -14 + 6*x**2 - 10 + 7 - 3*x. What are the prime factors of j(6)?
3, 23
Let b(w) = 14*w**2 + 75*w - 66. What are the prime factors of b(14)?
2, 233
Suppose -4*c + 57 + 19 = 0. Suppose 1854 = c*b - 13*b. What are the prime factors of b?
3, 103
Let g(l) = 114*l**2 - 8*l + 31. Let a be g(-7). Suppose 57 - a = -16*o. What are the prime factors of o?
3, 13
Let n(p) = -14*p + 91. Let i be n(7). Let z(v) = 12*v**2 + 16*v + 18. List the prime factors of z(i).
2, 13, 19
Suppose -5*b + 21881 = 4*r, 14299 + 3181 = 4*b - 3*r. List the prime factors of b.
4373
Suppose -2*s + x + 0*x + 15929 = 0, -x + 7969 = s. List the prime factors of s.
2, 7, 569
Suppose x = -l + 3, -4*l - 6*x + 4*x = -16. Suppose l*u - 2061 - 1264 = 0. List the prime factors of u.
5, 7, 19
Suppose 1937 = -5*v + 8*v - 2*d, d = v - 647. Suppose 0 = -3*l - 2*i + 1588, -2*l + v + 409 = -2*i. What are the prime factors of l?
2, 3, 11
Suppose -21646 = -2*q + 8591 + 4981. List the prime factors of q.
17609
Suppose 0 = -2*w - 5*b + 5, 28 - 9 = 3*w - 4*b. Suppose 4*i = w*x + 3335, 3*i - i - 3*x - 1667 = 0. List the prime factors of i.
5, 167
Let z(l) = l**3 + 6*l**2 - 8*l - 5. Let k be z(-7). Suppose -k*x - 3*x = -2*u - 323, -106 = -2*x - 5*u. Let o = 111 - x. What are the prime factors of o?
2, 3
Let x = -1131 + 8556. What are the prime factors of x?
3, 5, 11
Let q = -523 + 521. What are the prime factors of (-1185 - -9)/(-3) - q?
2, 197
Let i = 11621 + -1703. List the prime factors of i.
2, 3, 19, 29
Let b = 2829 + -129. List the prime factors of b.
2, 3, 5
Suppose 13*b = 14*b - 6. Suppose -4*x + b + 2 = 0. Suppose x*a - 12 = -a. List the prime factors of a.
2
Let m be 850/(5 + 1 + -4). Suppose 5*u = 5*g - 10*g + 700, m = 3*g + 2*u. What are the prime factors of g?
5, 29
Suppose -5*i - 4*s = -2*s - 37, 5*i - 65 = 5*s. Suppose i*d - 21 = 51. Let z(g) = 5*g - 20. What are the prime factors of z(d)?
2, 5
Suppose 270 = 14*y - 9*y. Let b = y + 11. Suppose 0 = -3*u + r - 7 + 64, 5*r = 4*u - b. List the prime factors of u.
2, 5
Let q be ((-6)/4 - 1)*(-30)/(-15). What are the prime factors of q + 2*(-602)/(-4)?
2, 37
Let h(l) = 1298*l - 1. Let g be h(5). Suppose -g = -62*j + 55*j. List the prime factors of j.
3, 103
Let u = -166 - -163. What are the prime factors of u*177/9*-3?
3, 59
Let m = 266 + -92. What are the prime factors of (3 + -1 - -22)/(m/3248)?
2, 7
What are the prime factors of (-24780)/531*3/(-1)?
2, 5, 7
Let p be 23/((-230)/(-10524)) - 2/5. Let s = p - 599. What are the prime factors of s?
3, 151
What are the prime factors of (-3 + (-187)/(-4))*116?
5, 7, 29
Let h = -589 - -579. List the prime factors of h/2 + (-1302)/(-6).
2, 53
Suppose -6*t + t = 315. Suppose -2*b + 7751 = 7611. Let c = b + t. List the prime factors of c.
7
Let x be (-117)/(-12) - 4 - (-18)/(-24). Suppose x*o + 936 = 7416. List the prime factors of o.
2, 3
Let q be -22*(-1)/4*2. Suppose -10*m + 179 = -q*m. Let g = -102 - m. What are the prime factors of g?
7, 11
Let q(i) = -15*i - 358. Let w(z) = 1. Let p(u) = -q(u) + 4*w(u). What are the prime factors of p(22)?
2, 173
Let u(c) = c + 5. Let s(h) = -76*h + 40. Let k(l) = -s(l) + 10*u(l). List the prime factors of k(5).
2, 5, 11
Let a(l) = l**2 + 9*l + 24. Let j be a(-25). Suppose -6*n + j = -4*n. Let r = n + -114. List the prime factors of r.
2, 7
Let a(n) = -n**2 + 6*n + 60. Let v be a(11). Let k(m) = 53*m - 22. What are the prime factors of k(v)?
3
Let n(h) = -5*h**2 - 18*h - 15. Let u be n(-6). Let x = 718 - u. List the prime factors of x.
5, 7, 23
Let w = -151 - -235. Suppose 21*k = -47*k + 17*k - 714. What are the prime factors of (60/k)/((-256)/w - -3)?
2, 3, 5
Let q be (-5 + 220/12)*-45. Let c = q + 1810. List the prime factors of c.
2, 5, 11
Let d = 8580 - -3005. What are the prime factors of d?
5, 7, 331
Let w(k) = 394*k**2 + 267*k + 2406. What are the prime factors of w(-9)?
3, 10639
Suppose 0 = 11*f + 19*f - 390. Suppose f*l - 6182 = 1462. List the prime factors of l.
2, 3, 7
Suppose -352*q - 568458 = -410*q. List the prime factors of q.
3, 11
Let l(d) = -d**3 - 11*d**2 - 12*d - 6. Let j be l(-9). Let c = j - -59. List the prime factors of c*1 + (115 - 6).
2, 3
Let m(a) = a**3 - 5*a**2 - 7*a + 13. Let y be m(6). Let l = -3 + y. Suppose 388 - 4 = l*d. What are the prime factors of d?
2, 3
Let z be 96/45 - (-4)/(-30). Suppose 30 = z*c - 0*c. Suppose -c*p - 546 = -18*p. What are the prime factors of p?
2, 7, 13
Let y be 57/(-6)*-5 - (-1)/2. Suppose -360 = -54*a + y*a. List the prime factors of a.
2, 3, 5
Let t = -41 - -38. Let v be (t - (-4 + -8))*1. Let p = 44 + v. List the prime factors of p.
53
Suppose -5*s - 14952 = -v, 4*s = 7*s + 2*v + 8966. Let f = -1812 - s. List the prime factors of f.
2, 19, 31
Let i(a) = 10897*a**3 + 3*a**2 - 16*a + 18. What are the prime factors of i(2)?
2, 3, 29, 167
Let c(z) = z - 2. Let u = -71 - -67. Let w be c(u). What are the prime factors of (0 + (-54)/w)*38/6?
3, 19
Suppose -x + 1115 = -288. Suppose -x = -14*o + 25. What are the prime factors of o?
2, 3, 17
Let i be 5 + -4*(-2)/4. Suppose -3*j - 2*b = -2248, i*j = 10*j + 4*b - 2258. List the prime factors of j.
2, 373
Suppose 298*m - 302*m = j - 29300, j + 29316 = 4*m. List the prime factors of m.
17, 431
Suppose 3 = -2*d + 11. Suppose 7*a = -5*a + 48. Suppose 0 = 3*f + 5*i - 415, 271 - 819 = -a*f - d*i. List the prime factors of f.
3, 5
Suppose 100*q = 103*q - 1965. Let j = q + -343. List the prime factors of j.
2, 3, 13
Let q be (35/14)/((-6)/12). Let g(z) = -126*z + 14. List the prime factors of g(q).
2, 7, 23
Let k(x) = 1208*x - 53. Let w be k(-1). Let o